s digit of 8627?
7
What is the tens digit of 5678?
7
What is the hundreds digit of 1065?
0
What is the ten thousands digit of 10962?
1
What is the ten thousands digit of 10030?
1
What is the hundreds digit of 15197?
1
What is the tens digit of 3324?
2
What is the hundreds digit of 2349?
3
What is the tens digit of 468?
6
What is the units digit of 1227?
7
What is the units digit of 5?
5
What is the tens digit of 179?
7
What is the units digit of 2972?
2
What is the tens digit of 2159?
5
What is the ten thousands digit of 107088?
0
What is the units digit of 515?
5
What is the hundreds digit of 1039?
0
What is the units digit of 33257?
7
What is the units digit of 357?
7
What is the hundreds digit of 7267?
2
What is the hundreds digit of 80938?
9
What is the hundreds digit of 2434?
4
What is the units digit of 782?
2
What is the hundreds digit of 76295?
2
What is the ten thousands digit of 14741?
1
What is the units digit of 15850?
0
What is the hundreds digit of 22127?
1
What is the thousands digit of 4908?
4
What is the thousands digit of 52198?
2
What is the tens digit of 8538?
3
What is the thousands digit of 1545?
1
What is the units digit of 2962?
2
What is the units digit of 119?
9
What is the hundreds digit of 2024?
0
What is the units digit of 2887?
7
What is the units digit of 44693?
3
What is the hundreds digit of 3622?
6
What is the thousands digit of 23801?
3
What is the units digit of 893?
3
What is the thousands digit of 7811?
7
What is the hundreds digit of 884?
8
What is the ten thousands digit of 144338?
4
What is the thousands digit of 124718?
4
What is the hundreds digit of 35102?
1
What is the hundreds digit of 1653?
6
What is the hundreds digit of 54294?
2
What is the tens digit of 22978?
7
What is the hundreds digit of 1203?
2
What is the hundreds digit of 23926?
9
What is the tens digit of 2358?
5
What is the thousands digit of 3752?
3
What is the units digit of 8242?
2
What is the tens digit of 83488?
8
What is the tens digit of 9697?
9
What is the tens digit of 148?
4
What is the tens digit of 645?
4
What is the units digit of 402?
2
What is the tens digit of 9487?
8
What is the thousands digit of 2039?
2
What is the units digit of 17054?
4
What is the tens digit of 380?
8
What is the tens digit of 28873?
7
What is the hundreds digit of 7017?
0
What is the ten thousands digit of 10728?
1
What is the tens digit of 2196?
9
What is the tens digit of 8817?
1
What is the hundreds digit of 9717?
7
What is the units digit of 803?
3
What is the hundreds digit of 166?
1
What is the thousands digit of 4603?
4
What is the hundreds digit of 48239?
2
What is the thousands digit of 36232?
6
What is the ten thousands digit of 29509?
2
What is the tens digit of 1412?
1
What is the tens digit of 183?
8
What is the thousands digit of 3058?
3
What is the units digit of 880?
0
What is the units digit of 1381?
1
What is the ten thousands digit of 13131?
1
What is the ten thousands digit of 21108?
2
What is the hundreds digit of 1893?
8
What is the ten thousands digit of 10924?
1
What is the thousands digit of 61907?
1
What is the ten thousands digit of 13557?
1
What is the hundreds digit of 6241?
2
What is the tens digit of 88269?
6
What is the units digit of 3716?
6
What is the hundreds digit of 169083?
0
What is the units digit of 48534?
4
What is the hundreds digit of 3965?
9
What is the tens digit of 913?
1
What is the units digit of 208?
8
What is the tens digit of 64703?
0
What is the hundreds digit of 453?
4
What is the hundreds digit of 2622?
6
What is the units digit of 44275?
5
What is the tens digit of 427?
2
What is the tens digit of 316?
1
What is the tens digit of 4029?
2
What is the hundreds digit of 16832?
8
What is the tens digit of 82282?
8
What is the units digit of 6133?
3
What is the units digit of 1355?
5
What is the units digit of 386?
6
What is the tens digit of 2975?
7
What is the units digit of 323?
3
What is the hundreds digit of 1244?
2
What is the tens digit of 1052?
5
What is the units digit of 1285?
5
What is the thousands digit of 10325?
0
What is the thousands digit of 2072?
2
What is the ten thousands digit of 12128?
1
What is the thousands digit of 4355?
4
What is the units digit of 50214?
4
What is the ten thousands digit of 39299?
3
What is the units digit of 25499?
9
What is the tens digit of 63?
6
What is the tens digit of 51739?
3
What is the thousands digit of 103428?
3
What is the tens digit of 16590?
9
What is the units digit of 16903?
3
What is the hundreds digit of 24541?
5
What is the units digit of 978?
8
What is the hundreds digit of 4269?
2
What is the units digit of 326?
6
What is the hundreds digit of 38359?
3
What is the tens digit of 4020?
2
What is the tens digit of 27638?
3
What is the tens digit of 3404?
0
What is the ten thousands digit of 72360?
7
What is the hundreds digit of 23253?
2
What is the hundreds digit of 10383?
3
What is the hundreds digit of 948?
9
What is the tens digit of 9680?
8
What is the units digit of 62742?
2
What is the tens digit of 487?
8
What is the thousands digit of 7137?
7
What is the hundreds digit of 24591?
5
What is the hundreds digit of 158?
1
What is the hundreds digit of 24471?
4
What is the thousands digit of 101146?
1
What is the thousands digit of 1457?
1
What is the tens digit of 28097?
9
What is the tens digit of 8472?
7
What is the ten thousands digit of 22366?
2
What is the thousands digit of 1368?
1
What is the tens digit of 29175?
7
What is the units digit of 5576?
6
What is the units digit of 3954?
4
What is the ten thousands digit of 11228?
1
What is the tens digit of 4353?
5
What is the tens digit of 5247?
4
What is the thousands digit of 106038?
6
What is the units digit of 8275?
5
What is the units digit of 909?
9
What is the hundreds digit of 11495?
4
What is the thousands digit of 5762?
5
What is the ten thousands digit of 11305?
1
What is the thousands digit of 1299?
1
What is the units digit of 2989?
9
What is the hundreds digit of 2697?
6
What is the tens digit of 53768?
6
What is the tens digit of 132247?
4
What is the hundreds digit of 251?
2
What is the ten thousands digit of 45105?
4
What is the units digit of 12127?
7
What is the hundreds digit of 9874?
8
What is the thousands digit of 9448?
9
What is the ten thousands digit of 95293?
9
What is the tens digit of 14323?
2
What is the hundreds digit of 2633?
6
What is the ten thousands digit of 28847?
2
What is the thousands digit of 3830?
3
What is the thousands digit of 113422?
3
What is the tens digit of 38634?
3
What is the hundreds digit of 8906?
9
What is the hundreds digit of 12522?
5
What is the units digit of 1488?
8
What is the units digit of 23429?
9
What is the thousands digit of 2139?
2
What is the units digit of 1975?
5
What is the hundreds digit of 466?
4
What is the tens digit of 576?
7
What is the hundreds digit of 1826?
8
What is the tens digit of 3582?
8
What is the hundreds digit of 1792?
7
What is the tens digit of 258?
5
What is the units digit of 585?
5
What is the thousands digit of 6800?
6
What is the hundreds digit of 1963?
9
What is the hundreds digit of 1569?
5
What is the thousands digit of 2676?
2
What is the tens digit of 107357?
5
What is the units digit of 5784?
4
What is the tens digit of 6051?
5
What is the tens digit of 2870?
7
What is the units digit of 37898?
8
What is the tens digit of 7450?
5
What is the tens digit of 10442?
4
What is the tens digit of 231?
3
What is the tens digit of 5967?
6
What is the tens digit of 755?
5
What is the tens digit of 821?
2
What is the thousands digit of 84460?
4
What is the tens digit of 44478?
7
What is the thousands digit of 1111?
1
What is the tens digit of 8322?
2
What is the tens digit of 42028?
2
What is the thousands digit of 9959?
9
What is the hundreds digit of 750?
7
What is the tens digit of 4296?
9
What is the units digit of 50567?
7
What is the thousands digit of 2482?
2
What is the hundreds digit of 349?
3
What is the hundreds digit of 17436?
4
What is the tens digit of 21598?
9
What is the units digit of 3981?
1
What is the thousands digit of 11299?
1
What is the ten thousands digit of 29889?
2
What is the hundreds digit of 12473?
4
What is the tens digit of 65606?
0
What is the units 